.
2
Suppose b - 2*b = -3. Let a(s) = s**3 - 3*s**2 + 1. Let f be a(b). Suppose -1 = -d + f. List the prime factors of d.
2
Suppose -3*t + 4 = -2*r - 1, -5*r + 4*t + 5 = 0. Let k = r - 5. Let x = 2 - k. What are the prime factors of x?
2
List the prime factors of 8/(-10)*550/(-20).
2, 11
Let n be (-6)/(-5)*(-40)/(-16). Suppose -4*k + f - 21 = 0, 2*f + 3*f = 3*k + n. What are the prime factors of (-64)/(-4) - k/(-2)?
13
Suppose -5*u = -2*u - 6. Suppose 0*x - u = -x. Suppose h - 4*d = 11, -x*d + 22 = 2*h + d. What are the prime factors of h?
11
Let b(t) = t**3 - 6*t**2. Let l be b(6). Let x = l - 0. Suppose 31 = 2*w - d, -w + 5*w + 3*d - 57 = x. List the prime factors of w.
3, 5
Suppose -11*f + 32 = -10*f. List the prime factors of f.
2
Let k = -18 + 6. What are the prime factors of 32/6 + (-8)/k?
2, 3
Suppose -p + 2*a = 4, -p = -2*a + 4*a - 8. Suppose -29 + 104 = 5*n. Suppose 0 = -k - 4, 0 = v - p*v + 2*k + n. List the prime factors of v.
7
Let m = 28 + -34. Let p(x) = -1 - 4*x + 4 - x**2 - 3*x. What are the prime factors of p(m)?
3
Let t be (1/(-3))/((-5)/15). Let l be ((-1)/(-3))/(t/6). Suppose g = 8 + l. List the prime factors of g.
2, 5
Suppose -x - 2 = 0, -3*r + 1294 = r + 3*x. List the prime factors of r.
5, 13
Let q = 1 + -9. Let m(l) = l**3 + 8*l**2 + 2*l + 4. Let u be m(q). Let a = u + 17. What are the prime factors of a?
5
Let r(j) = j**2 - 8*j - 6. Let g = -9 - -17. Let f be r(g). What are the prime factors of (-2 + 3)/((-2)/f)?
3
Let v(t) = 16*t + 13. Let c be v(6). Suppose -c = -5*s - 19. List the prime factors of s.
2, 3
Suppose -2*z + 4*z = -4. Let w(p) = -2*p**3 + 3*p + 1. List the prime factors of w(z).
11
List the prime factors of (-1)/(-1*4/144).
2, 3
Let m be (-3)/(6/(-8)) - 2. Suppose -m*c + h + 60 = c, h - 66 = -3*c. What are the prime factors of c?
3, 7
Let z(v) = -v**2 - 8*v - 4. Let b be z(-8). Let u(k) = -2*k + 2. What are the prime factors of u(b)?
2, 5
Let z(g) = -g**2 + 2. Let i be z(-2). Let k(y) = -16*y. What are the prime factors of k(i)?
2
Let q = -7 + 4. Let p(j) be the first derivative of -j**3/3 - 5*j**2/2 + 4*j + 1. What are the prime factors of p(q)?
2, 5
Suppose -21 = -5*q - 2*l, 3 = 3*q - 4*l + 6. Suppose -2*o + 40 = q*o. List the prime factors of o.
2
Let k(y) = -3*y - 1. What are the prime factors of k(-1)?
2
Let j = 7 - 7. Suppose 0 = -3*c - g - 2 + 25, j = -2*c - 5*g - 2. List the prime factors of c.
3
What are the prime factors of ((-562)/(-8))/(4/16)?
281
Let h be 2 + 1*8/(-1). Let o(r) = r**2 + 2*r - 8. Let p be o(h). What are the prime factors of 4/p + (-62)/(-8)?
2
What are the prime factors of -1 + 14 - (-3 - -6)?
2, 5
Let j = 22 - 2. Let z be ((-32)/j)/(2/10). What are the prime factors of 36/8*z/(-6)?
2, 3
What are the prime factors of (-2)/6 - 185/(-15)?
2, 3
Let d = 109 - -179. What are the prime factors of d?
2, 3
Let k(t) = t**3 + 4*t**2 + 2*t - 1. Let a be k(-2). Suppose 0*o - a*o = -162. What are the prime factors of o?
2, 3
Suppose -3*n = l - 5, -3*n = -5*l + 2*n + 65. Suppose -2*p + l = c, -31 = -2*c - p - 0*p. List the prime factors of c.
17
Suppose 4*i - 27 = 3*l, 25 = -8*l + 3*l. List the prime factors of i.
3
Let s(h) = h**2 - 8*h + 10. List the prime factors of s(7).
3
Suppose -2*t - 2*n = -484, 4*t - 3 = 4*n + 965. What are the prime factors of t?
2, 11
List the prime factors of -5*4/10 + 251 + 0.
3, 83
Let m = -11 + 64. List the prime factors of m.
53
Let j be 15/2*(-18 + 24). Let b = j - 21. List the prime factors of b.
2, 3
Let u(y) = 16*y**2 + 1. Let t = 7 - 6. List the prime factors of u(t).
17
Let j(i) = -7*i. Suppose 3*z = 5*z - 4. Let s(a) = -2*a**2 + 3*a. Let h be s(z). What are the prime factors of j(h)?
2, 7
Suppose 5*y - 2*f = -13, -3*f = y - 1 + 7. What are the prime factors of (-3)/(36/188)*y?
47
Let k(n) = -2*n**2 + n**2 + 0*n - 3*n + 2*n**2 - 7. Let w(t) = t**3 - 2*t**2 + 3*t - 1. Let c be w(2). List the prime factors of k(c).
3
Suppose 26 = -3*n + 2*g, 0 = -0*n + n - 2*g + 14. What are the prime factors of ((-56)/n)/(12/18)?
2, 7
Let b = 35 - 17. List the prime factors of b.
2, 3
Let x(r) = -2*r - 17. Let d(p) = -11*p - 1. Let b be d(1). List the prime factors of x(b).
7
Let s = -15 + 15. Suppose f - 4*v - 22 = s, -v = -5*f + 27 + 7. List the prime factors of f.
2, 3
What are the prime factors of (-14)/4 + 4 - (-27)/6?
5
Suppose w = 2*x + 17, 5*w = -3*x + 35 + 37. What are the prime factors of w?
3, 5
Suppose s + 4*i = 16, 3*s - 11 = -3*i + 1. Let m = s + 2. What are the prime factors of m?
2
Let z = 27 - 1. List the prime factors of z.
2, 13
Let t(d) = 4*d**2 + d - 1. Let g be t(1). What are the prime factors of 18 + 0 + 8/g?
2, 5
Let s(i) = 2*i**2 + i + 7. What are the prime factors of s(4)?
43
Let a(j) = 46*j**3 - j**2 + 2*j + 2. List the prime factors of a(2).
2, 5, 37
Let b(a) = 11*a + 9. Let r(n) = 4*n + 3. Let x(y) = -3*b(y) + 8*r(y). Let g = 10 - 19. List the prime factors of x(g).
2, 3
Let j(y) = -y + 1. Let u be j(0). Let c = 6 - u. Suppose -38 = -5*r + 2*w + w, -3*w = c*r - 32. List the prime factors of r.
7
Suppose 4*o = -5*f + 2530, 0*f + 2*f + 2*o - 1012 = 0. Suppose 2*i - f = 22. List the prime factors of ((-2)/3)/((-16)/i).
11
Let z(r) = -r**2 - 7*r - 2. Suppose -u - o + 2*o = 8, -5*o - 20 = 5*u. What are the prime factors of z(u)?
2
Suppose -2*m + 19 + 235 = -2*r, 4*r = -20. List the prime factors of m.
2, 61
Let y(g) = -g**2 - 5*g. Let h be y(-5). Suppose h*i + 2*i - 16 = 0. What are the prime factors of i?
2
Let i(h) = -h**2 - 20*h - 25. Let g be i(-19). List the prime factors of (-10)/g*(-18)/(-15).
2
Let s = -122 + 226. List the prime factors of s.
2, 13
Suppose 5*c - 8 = 7. Suppose -c*r = m - 17, 2*m - 2*r - 1 = 3*r. List the prime factors of m.
2
Suppose -3*o - a + 3 = 0, -7 = -2*o - 3*a + 2. Suppose 2*n = -o*n + 10, 2*n - 110 = -5*x. Let p = x - 14. List the prime factors of p.
2, 3
Let z be (-2)/(3/(21/2)). Let f = 45 - 31. Let i = z + f. List the prime factors of i.
7
Let o = -10 + 14. Suppose 0 = p - 4*p + 12. Let j = p + o. What are the prime factors of j?
2
Suppose 3*f + 2*f - 40 = 0. Let j be 2/f - 15/12. What are the prime factors of (1 - 2*-2) + j?
2
What are the prime factors of (-1)/((-147)/(-37) + -4)?
37
Suppose -39 = -x - 2*x. Suppose 2*b = 3*b - x. List the prime factors of b.
13
Let z(j) = j**3 - 5*j**2 + 4*j - 1. Let f = -3 - -12. Let s = -4 + f. What are the prime factors of z(s)?
19
Let s be (1 - 3/2)*-10. Suppose -3*a = -2*u + 31, 2 = -a + s. Suppose -2*k + u = 2*k. List the prime factors of k.
5
Suppose -2*q - 1 = -3*q, -5*q = 2*f + 13. Let u = 10 - f. List the prime factors of u.
19
Suppose 5*a = -3*j + 158, -4*a + a + 4*j = -118. Suppose a + 8 = w. What are the prime factors of w?
2, 3, 7
Suppose 8 + 16 = -3*v. Let l = v + 4. Let r = 7 - l. What are the prime factors of r?
11
Suppose 2*p = 6*p - 24. Suppose -p*l = -2*l - 8. List the prime factors of l.
2
Let w = -21 + 31. What are the prime factors of 10/3*24/w?
2
Let t be 1/(-6) - (-2)/12. Suppose f = -t - 3. Let v = 8 + f. What are the prime factors of v?
5
Let f = -11 - -13. Suppose -f*y - n = 6 - 20, 17 = 5*y - 2*n. What are the prime factors of y?
5
Suppose 0 = -6*f + 7*f + 1016. What are the prime factors of f/(-40) + (-2)/5?
5
Let d = 14 + 2. Suppose 5*a = 3*a + d. What are the prime factors of a?
2
Suppose 3*h - 14 = 1. Let l(m) = -m**3 + 4*m**2 + 4*m + 7. Let d be l(h). What are the prime factors of d/6 - 40/(-6)?
7
Suppose -8*i + 9*i + 2*r - 43 = 0, -r - 145 = -4*i. List the prime factors of i.
37
Suppose -6 = 2*c - 5*c. What are the prime factors of (7/21)/(c/162)?
3
Suppose 8 - 2 = 2*d. Let f(l) = -3*l + 3. Let a be f(d). List the prime factors of ((-24)/(-10))/(a/(-20)).
2
Suppose 3*b = -b + 180. List the prime factors of b.
3, 5
What are the prime factors of ((1 - 2)/1)/((-32)/3104)?
97
Suppose -3*n = -n + 6, n + 263 = -5*f. Let w = f - -80. What are the prime factors of w?
2, 7
Let l(y) = 10*y**2 + 25*y + 16. Let a(d) = -7*d**2 - 17*d - 11. Suppose 5*h = h + 20. Let b(m) = h*l(m) + 7*a(m). What are the prime factors of b(-7)?
2, 5
Suppose 0 = -11*p + 16*p - 225. List the prime factors of p.
3, 5
Suppose -3*u - b + 114 = 2*b, 5*b - 147 = -4*u. Suppose -5*w + u = -12. List the prime factors of w.
11
Let n = -58 - -108. What are the prime factors of n?